nd 7.
7
Let k = -18956 - -19648. Calculate the highest common divisor of 28 and k.
4
Suppose 0 = -5*k + 12 + 18. Let l be 2/k + 21/(-63). Suppose 5*z = -l*z + 40. What is the greatest common divisor of 8 and z?
8
Suppose 0 = -2*l - 12*h + 9*h - 348, -5*h - 10 = 0. Let q = l - -369. What is the greatest common factor of 99 and q?
99
Let z(y) = -484*y + 7894. Let i be z(16). Calculate the highest common divisor of 96 and i.
6
Let l(b) = -b**3 + 15*b**2 + 13*b - 181. Let d be l(15). Let o be ((-5)/4)/(5/20). Let c = o - -7. Calculate the greatest common divisor of d and c.
2
Suppose 3*g - 713 - 184 = 0. Let d = 4631 - 4618. What is the highest common factor of d and g?
13
Let z = -3203 + 3638. What is the highest common divisor of z and 377?
29
Suppose -4*f = 12, 0 = o + f + 288 - 852. Suppose 2*n + 5*j = 121, 5*n + 5*j - 54 = 256. Calculate the greatest common divisor of o and n.
63
Suppose 1200*c + 4176 = 1461*c. Suppose u - 3*u = -80. What is the greatest common divisor of c and u?
8
Let d(f) = 44*f - 2996. Let v be d(73). Calculate the highest common factor of v and 168.
24
Let q be -1 - 0 - 0 - 3*-1. Suppose v - q*b - 2 = 3*v, 5*b + 20 = 0. Suppose v*r = r + 50. What is the greatest common divisor of r and 5?
5
Suppose -2*d + 21 = 5*p, -3*p + 19 = -2*d - 0*p. Let z be d/7 - 2827/77. Let n be (-2 - -5 - z)*6. What is the highest common factor of n and 12?
12
Suppose 17*w = -0*w - 1428. Let v be ((-4)/(-2))/((w/222)/(-7)). What is the greatest common divisor of 592 and v?
37
Suppose 0 = -2*l + 1905 - 1939. Let d be 11/(-44)*(-3 + l). Suppose 55 = 4*r + 5*u, 0 = -4*r + u + 2*u + 63. What is the highest common factor of d and r?
5
Let m(a) = -8*a + 4*a + 2982 - 2973. Let s be (-3 + 0)*(0 + 1). Let n be m(s). What is the greatest common factor of n and 84?
21
Suppose -3*k - 4*h + 349 = 0, 4*k + k - 610 = -h. Let m = -59 + k. Calculate the highest common factor of 48 and m.
16
Suppose -3*a = -690*v + 688*v - 72, -37 = -2*a + 5*v. What is the greatest common divisor of 58 and a?
2
Let g(t) = t**3 - 27*t**2 + 11*t + 75. Let j be g(27). Suppose -3*h = -312 - j. What is the highest common divisor of 532 and h?
76
Let d = 1540 + -1524. Suppose 4*h = -5*w + 3, 0 = 2*h + 2*w - 0 - 4. Suppose 35 + 77 = h*i. Calculate the greatest common factor of i and d.
16
Let n(w) = w**3 + 5*w**2 + 4*w - 10. Let p(x) = -x**3. Let r(a) = n(a) + 2*p(a). Let y be r(6). Let t = y + 64. What is the greatest common divisor of t and 28?
14
Suppose 2*r - 2 = 0, -7*k + 2*k + 5*r + 2265 = 0. Let b = k - 452. What is the greatest common divisor of 134 and b?
2
Let w(k) = -k**2 - k + 1. Let n be w(0). Suppose -5*x + 16*x = 3740. Let l = -337 + x. What is the greatest common factor of l and n?
1
Let r(c) = 35 + 63 + 2*c + 3*c - 3*c + c. Let f be r(-20). Calculate the greatest common divisor of f and 38.
38
Let l be 3/(3/(-1)) + 131. Let m = 673 + -348. What is the greatest common factor of l and m?
65
Suppose 0 = -3*l - 4*p + 19 - 47, 5*l + 5*p + 50 = 0. Let k be ((-5)/((-20)/88))/((-8)/l). Calculate the greatest common divisor of k and 264.
33
Let p(v) = -v**3 + 8*v**2 - 17*v + 15. Let f be p(5). Suppose -3*a = n - 215, f*a - 17*n - 363 = -14*n. What is the greatest common divisor of a and 9?
9
Suppose 3*t = -r - 4*r + 11, 4*r + 1 = -t. Suppose t*f - 74 = 6*f. Suppose -s = n - 23, 5*n + f = 2*s + 2*s. What is the highest common divisor of 7 and s?
7
Suppose -98*y = 2087 - 6007. What is the highest common factor of 2570 and y?
10
Suppose -3*l + 4*q - 66 = -8, -2*q + 50 = -3*l. Let a be 6/(-3) - ((1 - -2) + l). Let i = 12 - a. What is the highest common factor of i and 12?
3
Let i be (34/(-3) + 11)*-120. Let u(z) = 29*z + 3. Let k be u(-2). Let v = k + 155. Calculate the greatest common factor of v and i.
20
Let v = -931 - -943. Let h = -94 - -146. What is the greatest common factor of v and h?
4
Let o be 0 + -3 + (-468)/(7 - 46). Let m be (2*-3)/((-1)/15). Calculate the highest common divisor of o and m.
9
Let n = -23707 - -23752. What is the highest common divisor of n and 72?
9
Suppose -174 = -4*y - 2*z, 216 = -5*z + 211. What is the highest common factor of y and 28732?
44
Let a be ((-72)/(-96))/((-3)/(-56)). Suppose -4*q - 5*x - 98 = -378, 2*x + 210 = 3*q. Let u be (39/15 - 1)*q. What is the greatest common divisor of a and u?
14
Suppose 5*c = 5*n + 485, -101 = n - 9*c + 6*c. Let s = -73 - n. What is the greatest common factor of s and 11?
11
Suppose t - o = 28, 4*t - 108 = 2*o + o. Suppose -3*g + 108 = 3*l, 22 = -2*l + g + 106. Calculate the greatest common divisor of t and l.
8
Suppose -9*h + 3*u + 4827 = 0, -6*u + 4*u + 2172 = 4*h. Calculate the greatest common divisor of 350 and h.
7
Let b be (-5)/((-45)/1596) + 12/(-9). Calculate the highest common divisor of 418 and b.
22
Suppose 572*u - 289*u = 243*u + 800. What is the greatest common divisor of u and 11540?
20
Let m(n) be the first derivative of -21*n**2 + 2*n - 82. Let p be m(-11). Calculate the greatest common factor of p and 58.
58
Let k be (-24)/(-3)*23725/50. Calculate the highest common divisor of k and 104.
52
Let m be (1/(-4))/((-1)/12). Suppose -2*n = 5*h - 638, m*n = -0 + 12. Let x be (-1 - -18) + (0 - -1). Calculate the highest common factor of h and x.
18
Suppose 43 = 6*u - 59. Let r = -26 - -7. Let p(k) = k**3 + 20*k**2 + 19*k + 17. Let c be p(r). What is the greatest common divisor of u and c?
17
Let o = -23475 + 23799. Suppose m = -2*d + 14, d - 3 = -2*d. Calculate the highest common divisor of o and m.
12
Let m = 496 + 805. Let u = -14 + 19. Suppose 0*v + u*t = -4*v + m, -3*v = 4*t - 976. Calculate the greatest common factor of v and 36.
36
Let i(c) = -6*c**3 - c**2 + 5*c + 3. Let f be i(-1). Let d be (f - 105/33) + 1544/22. What is the highest common factor of 42 and d?
14
Let k = 60 + -50. Suppose -36 = -k*t + t. Let l(w) = 2*w - 6. Let c be l(t). Calculate the highest common divisor of c and 3.
1
Suppose -5*b + 3068 = -151*f + 155*f, -3*b + 3*f = -1830. What is the greatest common divisor of b and 1116?
36
Let z(w) be the third derivative of -w**5/30 + 19*w**4/24 + 10*w**3/3 + 6*w**2. Let j be z(10). What is the highest common divisor of j and 20?
10
Suppose 0 = -8*f + 1268 + 332. Let h be (-2752)/(-9) + -2 + f/90. What is the highest common divisor of 18 and h?
18
Let i(d) = -50*d + 51*d + 645 - 475. Let o be i(-30). Calculate the highest common factor of o and 49.
7
Let p = 2727 - 2720. Calculate the greatest common factor of 2023 and p.
7
Suppose u - 2*u + 1 = 0. Let v be (2 + (-4)/u)*-2. Suppose 9*x + 2760 = -13*x + 160*x. Calculate the greatest common divisor of v and x.
4
Let s be -2 + 2 + 11*3. Let w = -338 - -308. Let j be w/(-40)*1 - 657/(-4). What is the greatest common factor of s and j?
33
Suppose -15*m - 15438 = -21*m. Calculate the greatest common divisor of m and 62.
31
Suppose -35 = -2*u - 3*d, 6*u = 5*u - 2*d + 19. Let n(f) = -377*f. Let x be n(-2). Suppose 104 - x = -10*w. Calculate the highest common divisor of w and u.
13
Let a(i) = -i**3 - 111*i**2 - i + 402. Let p be a(-111). Calculate the greatest common divisor of 216 and p.
27
Suppose 12*p = p - 22. Let h be (20/12)/(p/(-30)). Let c = 456 + -181. Calculate the highest common factor of h and c.
25
Let h be ((-1)/(-1)*-90)/(7 - (-800)/(-112)). What is the highest common factor of 14 and h?
14
Let f be (6/(-9))/(384/387 + -1). Let l = -63 + f. Calculate the highest common divisor of l and 437.
23
Suppose 102*i - 5733 = -12*i - 3*i. Calculate the highest common divisor of 7987 and i.
49
Suppose -30*r - 18 + 30 + 48 = 0. What is the highest common divisor of r and 1810?
2
Suppose 4 = 2*a - 4*k + 5*k, 4 = 2*k. Suppose 288 = 21*v - 17*v. Suppose t = -4*z + v, -5*t + a + 296 = -z. Calculate the highest common divisor of 24 and t.
12
Let t be (902/(-33))/((-2)/(-4)*4/(-219)). What is the greatest common factor of 730 and t?
73
Suppose -91*m = 48*m - 43*m - 31488. What is the highest common divisor of m and 2173?
41
Let b = 513 - -5514. What is the highest common divisor of b and 123?
123
Suppose 0 = -12*v + 144 - 144. Suppose 8*z - 19 - 93 = v. Calculate the greatest common divisor of z and 98.
14
Let q be (-27083)/(-42) - 1*(-5)/30. What is the greatest common divisor of 375 and q?
15
Suppose -17*w = -11066 + 2141. Let r = 617 - 